to base 4
-131210
Convert -1120012 (base 3) to base 9.
-1505
11310 (base 5) to base 8
1476
What is 1043211 (base 5) in base 9?
27407
Convert -2941 (base 10) to base 16.
-b7d
What is -775 (base 9) in base 7?
-1565
422 (base 6) to base 8
236
Convert 200211020 (base 3) to base 9.
20736
Convert -334205 (base 6) to base 5.
-1400112
c7d (base 15) to base 9
3771
What is -101303 (base 4) in base 11?
-946
df5 (base 16) to base 10
3573
What is -4343 (base 6) in base 9?
-1330
-2a2b (base 15) to base 3
-110101212
304022 (base 6) to base 3
1020012112
What is 1b68 (base 15) in base 10?
5948
Convert -22110 (base 3) to base 8.
-344
Convert 101002 (base 3) to base 13.
17c
-7b (base 12) to base 5
-340
Convert -277 (base 16) to base 15.
-2c1
Convert 5084 (base 10) to base 14.
1bd2
What is -180 (base 11) in base 15?
-de
Convert 8857 (base 13) to base 4.
10220320
What is -103013 (base 5) in base 4?
-312310
-13132 (base 5) to base 12
-72a
What is -546 (base 9) in base 10?
-447
-16647 (base 8) to base 5
-220331
-1729 (base 11) to base 2
-100010100001
Convert 101100121 (base 3) to base 10.
7549
-2537 (base 12) to base 7
-15205
6460 (base 11) to base 6
103304
What is -478 (base 11) in base 3?
-210002
What is -2141 (base 8) in base 2?
-10001100001
1dac (base 15) to base 8
14476
Convert -3c5d (base 14) to base 6.
-121215
Convert 2d79 (base 15) to base 11.
739a
Convert 21004 (base 6) to base 9.
3764
What is 153c2 (base 13) in base 8?
116423
32aa (base 11) to base 6
32055
Convert -215 (base 13) to base 12.
-258
Convert 8926 (base 12) to base 15.
4750
What is -1c18 (base 13) in base 14?
-1794
1323322 (base 4) to base 15
253a
What is 122333 (base 4) in base 16?
6bf
What is -3aaa (base 15) in base 10?
-12535
1110021 (base 4) to base 2
1010100001001
What is 1102201 (base 3) in base 7?
3022
83706 (base 10) to base 12
40536
Convert -34282 (base 9) to base 13.
-a517
What is 886 (base 9) in base 3?
222220
Convert 946 (base 11) to base 14.
5b5
-20a4 (base 11) to base 13
-1357
Convert -610 (base 14) to base 6.
-5302
Convert 35b9 (base 13) to base 16.
1da4
What is -1ae (base 15) in base 11?
-324
426 (base 13) to base 10
708
-1000212220 (base 3) to base 16
-4f68
What is f24 (base 16) in base 9?
5276
-26553 (base 8) to base 10
-11627
Convert -201301 (base 6) to base 15.
-4a87
76a (base 11) to base 2
1110011011
8bd6 (base 14) to base 2
101111011101000
What is 1040 (base 5) in base 14?
a5
What is -1921 (base 12) in base 2?
-101111101001
What is 587 (base 9) in base 16?
1e4
-52211 (base 7) to base 11
-9684
-24e (base 16) to base 15
-295
What is -24080 (base 9) in base 6?
-202330
3011 (base 6) to base 5
10110
What is -44b (base 12) in base 4?
-21323
What is 147d8 (base 14) in base 15?
1016e
What is -1224 (base 9) in base 7?
-2443
What is -1373 (base 8) in base 16?
-2fb
Convert -5cd (base 16) to base 6.
-10513
What is 203333 (base 4) in base 6?
14355
-4521 (base 6) to base 10
-1057
Convert -230303 (base 4) to base 15.
-cb2
-325 (base 15) to base 7
-2033
Convert -51 (base 7) to base 6.
-100
What is 111323 (base 4) in base 13?
83c
What is 10001 (base 3) in base 14?
5c
-2133 (base 4) to base 3
-12220
-11111011 (base 2) to base 9
-308
Convert 32439 (base 10) to base 15.
9929
5387 (base 10) to base 7
21464
-100331 (base 4) to base 9
-1435
83a (base 11) to base 10
1011
What is -513 (base 15) in base 16?
-477
Convert -4033 (base 8) to base 13.
-c38
17253 (base 10) to base 3
212200000
-133 (base 9) to base 7
-216
What is 11011110011111 (base 2) in base 12?
82a7
What is -219 (base 14) in base 8?
-637
Convert 31116 (base 10) to base 4.
13212030
-120db (base 16) to base 12
-36963
Convert -57014 (base 8) to base 3.
-1020000201
Convert 717 (base 8) to base 14.
251
Convert -1143 (base 5) to base 7.
-335
What is 1050 (base 6) in base 15?
116
-34324 (base 6) to base 14
-1ac4
What is -113233 (base 4) in base 6?
-11011
What is 25065 (base 9) in base 2?
100000110111010
What is 26491 (base 11) in base 7?
215233
Convert -185e (base 16) to base 3.
-22120001
-13053 (base 6) to base 16
-7b9
Convert -50311 (base 10) to base 2.
-1100010010000111
Convert c9 (base 15) to base 10.
189
Convert 1403305 (base 6) to base 16.
132b9
What is 21340 (base 5) in base 3?
2000110
What is 26026 (base 9) in base 13?
7c89
-12635 (base 9) to base 15
-27e2
What is 31355 (base 6) in base 11?
3211
What is 822c (base 14) in base 9?
33631
-12122212 (base 3) to base 16
-101f
Convert 8972 (base 13) to base 16.
4af6
-944 (base 11) to base 16
-471
What is -99 (base 11) in base 16?
-6c
-56 (base 7) to base 5
-131
Convert 3337 (base 11) to base 14.
1860
Convert 1123303 (base 5) to base 3.
1001001112
What is 7b9 (base 13) in base 10?
1335
Convert 2332 (base 16) to base 4.
2030302
Convert -e38 (base 15) to base 14.
-124b
-33470 (base 8) to base 9
-21346
What is 5303 (base 6) in base 16?
4a7
What is -10024 (base 5) in base 4?
-21333
Convert 7d2 (base 14) to base 5.
22211
222030 (base 5) to base 13
36c4
What is 50608 (base 9) in base 14?
c1c7
Convert -1147 (base 9) to base 12.
-5b1
Convert 13557 (base 13) to base 4.
20303211
74242 (base 9) to base 3
2111021102
Convert -6210 (base 7) to base 10.
-2163
Convert -1bb54 (base 13) to base 15.
-112db
3614 (base 9) to base 4
221332
407 (base 9) to base 6
1311
-a64 (base 14) to base 4
-200000
Convert 120020 (base 3) to base 14.
215
Convert 3210143 (base 5) to base 11.
37468
What is -277 (base 13) in base 14?
-232
Convert -7454 (base 11) to base 14.
-3844
605 (base 14) to base 8
2235
Convert 12200122 (base 3) to base 5.
113043
-61170 (base 8) to base 5
-1301313
-27315 (base 8) to base 7
-46634
985 (base 11) to base 9
1553
What is -4146 (base 9) in base 11?
-2313
What is 111111101 (base 2) in base 7?
1325
10120222 (base 3) to base 6
20042
What is 410 (base 16) in base 7?
3014
What is -1044544 (base 6) in base 2?
-1100111010110000
-4fb (base 16) to base 9
-1666
a397 (base 16) to base 6
521515
What is 2d7 (base 16) in base 11?
601
Convert 3691 (base 11) to base 4.
1023103
What is -3354 (base 15) in base 12?
-6367
Convert 35660 (base 9) to base 7.
126405
-90d (base 15) to base 13
-c0a
Convert 32431 (base 6) to base 15.
14dd
What is -4651 (base 10) in base 16?
-122b
What is -786 (base 10) in base 7?
-2202
What is -244023 (base 5) in base 10?
-9263
Convert 60e2 (base 15) to base 3.
1001001212
Convert -818 (base 12) to base 9.
-1542
What is -42179 (base 11) in base 2?
-1110111111111001
Convert -369b (base 12) to base 4.
-1200113
52127 (base 8) to base 2
101010001010111
1320332 (base 4) to base 13
36a7
Convert 57499 (base 10) to base 6.
1122111
What is cc (base 15) in base 8?
300
What is 24330 (base 5) in base 14?
956
Convert 36826 (base 12) to base 8.
220036
What is -10279 (base 13) in base 2?
-111000101000111
What is -b66 (base 15) in base 5?
-40241
31a2 (base 13) to base 4
1223230
-182 (base 9) to base 6
-415
52 (base 10) to base 11
48
What is 461 (base 8) in base 11?
258
2bc (base 14) to base 10
558
What is -352 (base 8) in base 12?
-176
What is 853 (base 9) in base 14?
37a
Convert -2ce (base 15) to base 12.
-458
Convert a04 (base 14) to base 13.
b81
257177 (base 8) to base 13
31ac1
-87413 (base 9) to base 12
-29633
What is 36646 (base 8) in base 7?
64004
What is 353 (base 8) in base 3?
22201
What is -1130200 (base 4) in base 13?
-2905
Convert -10301 (base 4) to base 16.
-131
8691 (base 15) to base 12
1459a
-22012 (base 4) to base 8
-1206
Convert -102 (base 5) to base 2.
-11011
-1203132 (base 4) to base 8
-14336
-32330201 (base 4) to base 10
-61217
What is -655 (base 12) in base 7?
-2465
Convert 50e (base 15) to base 13.
698
Convert -1001001110 (base 2) to base 12.
-412
Convert -57950 (base 10) to base 14.
-17194
What is 2412040 (base 5) in base 9?
67215
Convert 53 (base 14) to base 15.
4d
1063 (base 10) to base 5
13223
Convert -185 (base 13) to base 7.
-545
-1045 (base 9) to base 4
-30002
What is 76a (base 14) in base 7?
4163
Convert -aca (base 16) to base 12.
-1722
What is -1e87 (base 15) in base 13?
-3049
What is 454 (base 13) in base 5?
10440
What is -175c (base 15) in base 4?
-1032231
-884 (base 9) to base 10
-724
Convert -201 (base 13) to base 8.
-523
What is 3145 (base 7) in base 12?
787
Convert cbc (base 16) to base 2.
110010111100
1211300 (base 4) to base 6
50052
Convert 1671 (base 9) to base 8.
23